{"id":6400,"date":"2024-04-19T13:52:07","date_gmt":"2024-04-19T13:52:07","guid":{"rendered":"https:\/\/www.sternenschmuck.ch\/?post_type=product&#038;p=6400"},"modified":"2025-10-17T09:54:51","modified_gmt":"2025-10-17T09:54:51","slug":"blutsgeschwister-softshelljacke-softfriese","status":"publish","type":"product","link":"https:\/\/www.sternenschmuck.ch\/home\/product\/blutsgeschwister-softshelljacke-softfriese\/","title":{"rendered":"Blutsgeschwister Softshelljacke Softfriese"},"content":{"rendered":"<div class=\"detail-text\">Entspannt und stylisch durch den Gro\u00dfstadtdschungel \u2013 der neue Softshellmantel von Blutsgeschwister bringt modernen Komfort in Deinen Alltag! Mit einem relaxten Fit und l\u00e4ssigem Design ist dieser Mantel der ideale Begleiter auch bei Regen und Wind.<\/div>\n<div class=\"detail-text\">\n<p>&nbsp;<\/p>\n<p><strong>Mehr Infos:<\/strong><\/p>\n<div data-text-more-info=\"Mehr Infos\" data-text-less-info=\"Weniger Infos\">\n<ul>\n<li>L\u00e4nge: knielang<\/li>\n<li>gem\u00fctliche Kapuze<\/li>\n<li>gem\u00fctliche Raglan\u00e4rmel<\/li>\n<li>farblich harmonierende Logo-Druckkn\u00f6pfe<\/li>\n<li>kuscheliges Fleece-Futter<\/li>\n<li>wasserdichter Oberstoff, Wassers\u00e4ule 10.000 mm<\/li>\n<li>regen- und windabweisend<\/li>\n<\/ul>\n<\/div>\n<\/div>\n<p>&nbsp;<\/p>\n<p><strong>So bleibt Dein Teil sch\u00f6n:<\/strong><br \/>\nMit \u00e4hnlichen Farben max. 30 Grad waschen, von links waschen, alle Verschl\u00fcsse vor dem Waschen schlie\u00dfen, fl\u00fcssiges Feinwaschmittel verwenden, keinen Weichsp\u00fcler verwenden, B\u00fcgeln m\u00f6glich mit niedrigster Stufe.<\/p>\n<p><strong>Material: <\/strong>Aussenseite: Polyester (recycelt) 90%, Elasthan 10%, Innenseite: Polyester (recycelt),\u00a0 100%Membran: TPU 100%<\/p>\n<p>&nbsp;<\/p>\n<p>&nbsp;<\/p>\n","protected":false},"excerpt":{"rendered":"<p>Entspannt und stylisch durch den Gro\u00dfstadtdschungel \u2013 der neue Softshellmantel von Blutsgeschwister bringt modernen Komfort in Deinen Alltag! Mit einem relaxten Fit und l\u00e4ssigem Design ist dieser Mantel der ideale Begleiter auch bei Regen und Wind. &nbsp; Mehr Infos: L\u00e4nge: knielang gem\u00fctliche Kapuze gem\u00fctliche Raglan\u00e4rmel farblich harmonierende Logo-Druckkn\u00f6pfe kuscheliges Fleece-Futter wasserdichter Oberstoff, Wassers\u00e4ule 10.000 mm [&hellip;]<\/p>\n","protected":false},"featured_media":6405,"template":"","meta":{"om_disable_all_campaigns":false,"_monsterinsights_skip_tracking":false,"_monsterinsights_sitenote_active":false,"_monsterinsights_sitenote_note":"","_monsterinsights_sitenote_category":0,"ocean_post_layout":"","ocean_both_sidebars_style":"","ocean_both_sidebars_content_width":0,"ocean_both_sidebars_sidebars_width":0,"ocean_sidebar":"0","ocean_second_sidebar":"0","ocean_disable_margins":"enable","ocean_add_body_class":"","ocean_shortcode_before_top_bar":"","ocean_shortcode_after_top_bar":"","ocean_shortcode_before_header":"","ocean_shortcode_after_header":"","ocean_has_shortcode":"","ocean_shortcode_after_title":"","ocean_shortcode_before_footer_widgets":"","ocean_shortcode_after_footer_widgets":"","ocean_shortcode_before_footer_bottom":"","ocean_shortcode_after_footer_bottom":"","ocean_display_top_bar":"default","ocean_display_header":"default","ocean_header_style":"","ocean_center_header_left_menu":"0","ocean_custom_header_template":"0","ocean_custom_logo":0,"ocean_custom_retina_logo":0,"ocean_custom_logo_max_width":0,"ocean_custom_logo_tablet_max_width":0,"ocean_custom_logo_mobile_max_width":0,"ocean_custom_logo_max_height":0,"ocean_custom_logo_tablet_max_height":0,"ocean_custom_logo_mobile_max_height":0,"ocean_header_custom_menu":"0","ocean_menu_typo_font_family":"0","ocean_menu_typo_font_subset":"","ocean_menu_typo_font_size":0,"ocean_menu_typo_font_size_tablet":0,"ocean_menu_typo_font_size_mobile":0,"ocean_menu_typo_font_size_unit":"px","ocean_menu_typo_font_weight":"","ocean_menu_typo_font_weight_tablet":"","ocean_menu_typo_font_weight_mobile":"","ocean_menu_typo_transform":"","ocean_menu_typo_transform_tablet":"","ocean_menu_typo_transform_mobile":"","ocean_menu_typo_line_height":0,"ocean_menu_typo_line_height_tablet":0,"ocean_menu_typo_line_height_mobile":0,"ocean_menu_typo_line_height_unit":"","ocean_menu_typo_spacing":0,"ocean_menu_typo_spacing_tablet":0,"ocean_menu_typo_spacing_mobile":0,"ocean_menu_typo_spacing_unit":"","ocean_menu_link_color":"","ocean_menu_link_color_hover":"","ocean_menu_link_color_active":"","ocean_menu_link_background":"","ocean_menu_link_hover_background":"","ocean_menu_link_active_background":"","ocean_menu_social_links_bg":"","ocean_menu_social_hover_links_bg":"","ocean_menu_social_links_color":"","ocean_menu_social_hover_links_color":"","ocean_disable_title":"default","ocean_disable_heading":"default","ocean_post_title":"","ocean_post_subheading":"","ocean_post_title_style":"","ocean_post_title_background_color":"","ocean_post_title_background":0,"ocean_post_title_bg_image_position":"","ocean_post_title_bg_image_attachment":"","ocean_post_title_bg_image_repeat":"","ocean_post_title_bg_image_size":"","ocean_post_title_height":0,"ocean_post_title_bg_overlay":0.5,"ocean_post_title_bg_overlay_color":"","ocean_disable_breadcrumbs":"default","ocean_breadcrumbs_color":"","ocean_breadcrumbs_separator_color":"","ocean_breadcrumbs_links_color":"","ocean_breadcrumbs_links_hover_color":"","ocean_display_footer_widgets":"default","ocean_display_footer_bottom":"default","ocean_custom_footer_template":"0"},"product_brand":[],"product_cat":[185,119],"product_tag":[186,187],"class_list":{"0":"post-6400","1":"product","2":"type-product","3":"status-publish","4":"has-post-thumbnail","6":"product_cat-blutsgeschwister","7":"product_cat-jacke","8":"product_tag-blutsgeschwister","9":"product_tag-mantel","10":"product_shipping_class-versand-paket","12":"entry","13":"has-media","15":"first","16":"instock","17":"taxable","18":"shipping-taxable","19":"purchasable","20":"product-type-variable","21":"has-product-nav","22":"col","23":"span_1_of_3","24":"owp-content-center","25":"owp-thumbs-layout-horizontal","26":"owp-btn-normal","27":"owp-tabs-layout-horizontal"},"aioseo_notices":[],"_links":{"self":[{"href":"https:\/\/www.sternenschmuck.ch\/home\/wp-json\/wp\/v2\/product\/6400","targetHints":{"allow":["GET"]}}],"collection":[{"href":"https:\/\/www.sternenschmuck.ch\/home\/wp-json\/wp\/v2\/product"}],"about":[{"href":"https:\/\/www.sternenschmuck.ch\/home\/wp-json\/wp\/v2\/types\/product"}],"version-history":[{"count":2,"href":"https:\/\/www.sternenschmuck.ch\/home\/wp-json\/wp\/v2\/product\/6400\/revisions"}],"predecessor-version":[{"id":6453,"href":"https:\/\/www.sternenschmuck.ch\/home\/wp-json\/wp\/v2\/product\/6400\/revisions\/6453"}],"wp:featuredmedia":[{"embeddable":true,"href":"https:\/\/www.sternenschmuck.ch\/home\/wp-json\/wp\/v2\/media\/6405"}],"wp:attachment":[{"href":"https:\/\/www.sternenschmuck.ch\/home\/wp-json\/wp\/v2\/media?parent=6400"}],"wp:term":[{"taxonomy":"product_brand","embeddable":true,"href":"https:\/\/www.sternenschmuck.ch\/home\/wp-json\/wp\/v2\/product_brand?post=6400"},{"taxonomy":"product_cat","embeddable":true,"href":"https:\/\/www.sternenschmuck.ch\/home\/wp-json\/wp\/v2\/product_cat?post=6400"},{"taxonomy":"product_tag","embeddable":true,"href":"https:\/\/www.sternenschmuck.ch\/home\/wp-json\/wp\/v2\/product_tag?post=6400"}],"curies":[{"name":"wp","href":"https:\/\/api.w.org\/{rel}","templated":true}]}}